{"id":276,"date":"2021-02-02T13:30:33","date_gmt":"2021-02-02T12:30:33","guid":{"rendered":"https:\/\/hausbrandt1892.si\/trgovina\/?post_type=product&#038;p=276"},"modified":"2025-01-03T10:59:55","modified_gmt":"2025-01-03T10:59:55","slug":"gourmet","status":"publish","type":"product","link":"https:\/\/hausbrandt1892.si\/trgovina\/izdelek\/gourmet\/","title":{"rendered":"Gourmet &#8211; 1 kg"},"content":{"rendered":"<p>Po\u010dasno pra\u017eenje pri nizkih temperaturah, izbrana zrna 100 % Arabice z visokogorskih nasadov v Kolumbiji, Gvatemali, San Salvadorju in Braziliji so rezultat uspeha in prefinjenega okusa Gourmet kave.<\/p>\n<p>Sladka, uravnote\u017eena in ne\u017ena me\u0161anica Arabice, ki o\u010dara s svojo ne\u017eno sladkostjo in rafinirano kislostjo.<\/p>\n","protected":false},"excerpt":{"rendered":"<p>Sladka, uravnote\u017eena in ne\u017ena me\u0161anica Arabice, ki o\u010dara s svojo ne\u017eno sladkostjo in rafinirano kislostjo.<\/p>\n","protected":false},"featured_media":513,"comment_status":"open","ping_status":"closed","template":"","meta":{"_acf_changed":false},"product_brand":[],"product_cat":[47,20],"product_tag":[],"class_list":{"0":"post-276","1":"product","2":"type-product","3":"status-publish","4":"has-post-thumbnail","6":"product_cat-kava-v-zrnih","7":"product_cat-kava","9":"first","10":"instock","11":"taxable","12":"shipping-taxable","13":"purchasable","14":"product-type-simple"},"acf":[],"_links":{"self":[{"href":"https:\/\/hausbrandt1892.si\/trgovina\/wp-json\/wp\/v2\/product\/276","targetHints":{"allow":["GET"]}}],"collection":[{"href":"https:\/\/hausbrandt1892.si\/trgovina\/wp-json\/wp\/v2\/product"}],"about":[{"href":"https:\/\/hausbrandt1892.si\/trgovina\/wp-json\/wp\/v2\/types\/product"}],"replies":[{"embeddable":true,"href":"https:\/\/hausbrandt1892.si\/trgovina\/wp-json\/wp\/v2\/comments?post=276"}],"wp:featuredmedia":[{"embeddable":true,"href":"https:\/\/hausbrandt1892.si\/trgovina\/wp-json\/wp\/v2\/media\/513"}],"wp:attachment":[{"href":"https:\/\/hausbrandt1892.si\/trgovina\/wp-json\/wp\/v2\/media?parent=276"}],"wp:term":[{"taxonomy":"product_brand","embeddable":true,"href":"https:\/\/hausbrandt1892.si\/trgovina\/wp-json\/wp\/v2\/product_brand?post=276"},{"taxonomy":"product_cat","embeddable":true,"href":"https:\/\/hausbrandt1892.si\/trgovina\/wp-json\/wp\/v2\/product_cat?post=276"},{"taxonomy":"product_tag","embeddable":true,"href":"https:\/\/hausbrandt1892.si\/trgovina\/wp-json\/wp\/v2\/product_tag?post=276"}],"curies":[{"name":"wp","href":"https:\/\/api.w.org\/{rel}","templated":true}]}}