{"id":344,"date":"2021-02-11T20:36:54","date_gmt":"2021-02-11T19:36:54","guid":{"rendered":"https:\/\/hausbrandt1892.si\/trgovina\/?post_type=product&#038;p=344"},"modified":"2023-09-22T06:32:25","modified_gmt":"2023-09-22T05:32:25","slug":"lung-ching-2-4-g","status":"publish","type":"product","link":"https:\/\/hausbrandt1892.si\/trgovina\/izdelek\/lung-ching-2-4-g\/","title":{"rendered":"Lung Ching 2.4 g"},"content":{"rendered":"<p>Ronnefeldt je ustvaril asortiman \u010dajev iz drobnih \u010dajnih listov, posebej pridelanih za<br \/>\nnajzahtevnej\u0161e poznavalce.<br \/>\nVsako pakiranje vsebuje 15 vre\u010dk Joy of Tea, posami\u010dno ovitih v za\u0161\u010ditno folijo.<br \/>\n\u2022 Posami\u010dno pakirane vre\u010dke.<br \/>\n\u2022 Vsaka vre\u010dka je primerna za pripravo ene skodelice \u010daja.<br \/>\n\u2022 listi\u010di so obdelani in obrani z najve\u010djo skrbnostjo.<br \/>\n\u2022 \u010cajni napitki iz zeli\u0161\u010d ali ko\u0161\u010dki sadja.<br \/>\n\u2022 Filter iz abake, naravnih vlaken brez vonja.<br \/>\n\u2022 Med pripravo \u010daja listi\u010di nabreknejo in sprostijo vso svojo aromo.<\/p>\n","protected":false},"excerpt":{"rendered":"<p>Redki, rahlo pikanten spomladanski \u010daj iz province Zhejiang. Velika \u010dajna vre\u010dka ponuja prostor, ki ga ne\u017eni \u010dajni listi\u010di potrebujejo, da se razvijejo in dajo svoj zna\u010dilen, skoraj blag in sladek okus, nekoliko podoben ore\u0161\u010dku.<br \/>\n\u010cas kuhanja: 2-3 min. Sestavine: zeleni \u010daj &#8211; pomlad &#8211; Kitajska.<\/p>\n","protected":false},"featured_media":543,"comment_status":"open","ping_status":"closed","template":"","meta":{"_acf_changed":false},"product_brand":[],"product_cat":[51,52],"product_tag":[],"class_list":{"0":"post-344","1":"product","2":"type-product","3":"status-publish","4":"has-post-thumbnail","6":"product_cat-caji","7":"product_cat-joy-of-tea","9":"first","10":"instock","11":"taxable","12":"shipping-taxable","13":"purchasable","14":"product-type-simple"},"acf":[],"_links":{"self":[{"href":"https:\/\/hausbrandt1892.si\/trgovina\/wp-json\/wp\/v2\/product\/344","targetHints":{"allow":["GET"]}}],"collection":[{"href":"https:\/\/hausbrandt1892.si\/trgovina\/wp-json\/wp\/v2\/product"}],"about":[{"href":"https:\/\/hausbrandt1892.si\/trgovina\/wp-json\/wp\/v2\/types\/product"}],"replies":[{"embeddable":true,"href":"https:\/\/hausbrandt1892.si\/trgovina\/wp-json\/wp\/v2\/comments?post=344"}],"wp:featuredmedia":[{"embeddable":true,"href":"https:\/\/hausbrandt1892.si\/trgovina\/wp-json\/wp\/v2\/media\/543"}],"wp:attachment":[{"href":"https:\/\/hausbrandt1892.si\/trgovina\/wp-json\/wp\/v2\/media?parent=344"}],"wp:term":[{"taxonomy":"product_brand","embeddable":true,"href":"https:\/\/hausbrandt1892.si\/trgovina\/wp-json\/wp\/v2\/product_brand?post=344"},{"taxonomy":"product_cat","embeddable":true,"href":"https:\/\/hausbrandt1892.si\/trgovina\/wp-json\/wp\/v2\/product_cat?post=344"},{"taxonomy":"product_tag","embeddable":true,"href":"https:\/\/hausbrandt1892.si\/trgovina\/wp-json\/wp\/v2\/product_tag?post=344"}],"curies":[{"name":"wp","href":"https:\/\/api.w.org\/{rel}","templated":true}]}}