{"id":397,"date":"2021-02-11T21:26:59","date_gmt":"2021-02-11T20:26:59","guid":{"rendered":"https:\/\/hausbrandt1892.si\/trgovina\/?post_type=product&#038;p=397"},"modified":"2023-09-22T06:28:53","modified_gmt":"2023-09-22T05:28:53","slug":"mountain-herbs-1-5-g","status":"publish","type":"product","link":"https:\/\/hausbrandt1892.si\/trgovina\/izdelek\/mountain-herbs-1-5-g\/","title":{"rendered":"Mountain Herbs 1.5 g"},"content":{"rendered":"<p>Teavelope\u00ae je vre\u010dka \u010daja v najbolj klasi\u010dnem formatu Ronnefeldt. Ime, ki govori o preteklosti, z bogastvom dolgoletnih izku\u0161enj in trgovanjem s \u010daji vrhunske kakovosti.<br \/>\nVre\u010dko, ki vsebuje liste tipa Fannings, \u0161\u010diti ovitek iz ekolo\u0161kega OPP (olipropilenskega) filma. Gre za material, ki ne dopu\u0161\u010da uhajanja arome in prepre\u010duje onesna\u017eenje s tujimi vonjavami. Na ta na\u010din \u010daj obdr\u017ei vse svoje lastnosti in rahle naravne odtenke najbolj\u0161ih \u010dajev.<br \/>\n\u0160katla s 25 vre\u010dkami po 1,5 g.<br \/>\nProizvajanje in pakiranje v Nem\u010diji: J. T. Ronnefeldt KG &#8211; 27726 Worpswede\/Nem\u010dija<\/p>\n<p>&nbsp;<\/p>\n<p><strong>Ekolo\u0161ki certifikat<\/strong><\/p>\n<p><img decoding=\"async\" class=\"alignnone size-full wp-image-830\" src=\"https:\/\/hausbrandt1892.si\/trgovina\/wp-content\/uploads\/2021\/03\/bio_eu_big.png\" alt=\"\" width=\"120\" height=\"80\" \/><\/p>\n<p>DE-\u00d6KO-003<br \/>\nNicht-EU-Landwirtschaft<br \/>\nCertified organic by LACON GmbH<\/p>\n","protected":false},"excerpt":{"rendered":"<p>\u010cudovita harmoni\u010dna me\u0161anica rooibos \u010daja z osve\u017eujo\u010do noto limonine trave, listov robidnice, mete, koroma\u010da, jane\u017eeve lupine, cimeta in sladkega korena.<\/p>\n<p>&nbsp;<\/p>\n<p><strong>Ekolo\u0161ki certifikat<\/strong><\/p>\n<p><img decoding=\"async\" class=\"alignnone size-full wp-image-830\" src=\"https:\/\/hausbrandt1892.si\/trgovina\/wp-content\/uploads\/2021\/03\/bio_eu_big.png\" alt=\"\" width=\"120\" height=\"80\" \/><\/p>\n<p>DE-\u00d6KO-003<br \/>\nNicht-EU-Landwirtschaft<br \/>\nCertified organic by LACON GmbH<\/p>\n","protected":false},"featured_media":592,"comment_status":"open","ping_status":"closed","template":"","meta":{"_acf_changed":false},"product_brand":[],"product_cat":[51,55],"product_tag":[],"class_list":{"0":"post-397","1":"product","2":"type-product","3":"status-publish","4":"has-post-thumbnail","6":"product_cat-caji","7":"product_cat-teavelope","9":"first","10":"instock","11":"taxable","12":"shipping-taxable","13":"purchasable","14":"product-type-simple"},"acf":[],"_links":{"self":[{"href":"https:\/\/hausbrandt1892.si\/trgovina\/wp-json\/wp\/v2\/product\/397","targetHints":{"allow":["GET"]}}],"collection":[{"href":"https:\/\/hausbrandt1892.si\/trgovina\/wp-json\/wp\/v2\/product"}],"about":[{"href":"https:\/\/hausbrandt1892.si\/trgovina\/wp-json\/wp\/v2\/types\/product"}],"replies":[{"embeddable":true,"href":"https:\/\/hausbrandt1892.si\/trgovina\/wp-json\/wp\/v2\/comments?post=397"}],"wp:featuredmedia":[{"embeddable":true,"href":"https:\/\/hausbrandt1892.si\/trgovina\/wp-json\/wp\/v2\/media\/592"}],"wp:attachment":[{"href":"https:\/\/hausbrandt1892.si\/trgovina\/wp-json\/wp\/v2\/media?parent=397"}],"wp:term":[{"taxonomy":"product_brand","embeddable":true,"href":"https:\/\/hausbrandt1892.si\/trgovina\/wp-json\/wp\/v2\/product_brand?post=397"},{"taxonomy":"product_cat","embeddable":true,"href":"https:\/\/hausbrandt1892.si\/trgovina\/wp-json\/wp\/v2\/product_cat?post=397"},{"taxonomy":"product_tag","embeddable":true,"href":"https:\/\/hausbrandt1892.si\/trgovina\/wp-json\/wp\/v2\/product_tag?post=397"}],"curies":[{"name":"wp","href":"https:\/\/api.w.org\/{rel}","templated":true}]}}