{"id":478,"date":"2021-02-11T22:10:33","date_gmt":"2021-02-11T21:10:33","guid":{"rendered":"https:\/\/hausbrandt1892.si\/trgovina\/?post_type=product&#038;p=478"},"modified":"2025-01-22T08:07:19","modified_gmt":"2025-01-22T08:07:19","slug":"cokolada-2-5-g","status":"publish","type":"product","link":"https:\/\/hausbrandt1892.si\/trgovina\/izdelek\/cokolada-2-5-g\/","title":{"rendered":"\u010cokolada v prahu 2X25kos"},"content":{"rendered":"<p>Kremasta in bogata, porcijska vro\u010da \u010dokolada bo v vas prebudila \u010dute in poskrbela za u\u017eitek, saj je izjemnega kakavovega okusa. Vro\u010do \u010dokolado preprosto pripravimo z vro\u010dim mlekom v aparatu za pripravo vro\u010de \u010dokolade\/s pomo\u010djo penilca\/doma v lon\u010dku.<\/p>\n","protected":false},"excerpt":{"rendered":"<p>\u010cokolada v prahu za pripravo goste vro\u010de \u010dokolade. Brez glutena. Pakiranje 100 vre\u010dk.<\/p>\n","protected":false},"featured_media":619,"comment_status":"open","ping_status":"closed","template":"","meta":{"_acf_changed":false},"product_brand":[],"product_cat":[60],"product_tag":[],"class_list":{"0":"post-478","1":"product","2":"type-product","3":"status-publish","4":"has-post-thumbnail","6":"product_cat-topli-napitki","8":"first","9":"instock","10":"taxable","11":"shipping-taxable","12":"purchasable","13":"product-type-simple"},"acf":[],"_links":{"self":[{"href":"https:\/\/hausbrandt1892.si\/trgovina\/wp-json\/wp\/v2\/product\/478","targetHints":{"allow":["GET"]}}],"collection":[{"href":"https:\/\/hausbrandt1892.si\/trgovina\/wp-json\/wp\/v2\/product"}],"about":[{"href":"https:\/\/hausbrandt1892.si\/trgovina\/wp-json\/wp\/v2\/types\/product"}],"replies":[{"embeddable":true,"href":"https:\/\/hausbrandt1892.si\/trgovina\/wp-json\/wp\/v2\/comments?post=478"}],"wp:featuredmedia":[{"embeddable":true,"href":"https:\/\/hausbrandt1892.si\/trgovina\/wp-json\/wp\/v2\/media\/619"}],"wp:attachment":[{"href":"https:\/\/hausbrandt1892.si\/trgovina\/wp-json\/wp\/v2\/media?parent=478"}],"wp:term":[{"taxonomy":"product_brand","embeddable":true,"href":"https:\/\/hausbrandt1892.si\/trgovina\/wp-json\/wp\/v2\/product_brand?post=478"},{"taxonomy":"product_cat","embeddable":true,"href":"https:\/\/hausbrandt1892.si\/trgovina\/wp-json\/wp\/v2\/product_cat?post=478"},{"taxonomy":"product_tag","embeddable":true,"href":"https:\/\/hausbrandt1892.si\/trgovina\/wp-json\/wp\/v2\/product_tag?post=478"}],"curies":[{"name":"wp","href":"https:\/\/api.w.org\/{rel}","templated":true}]}}